 6840 - 6542. What is the remainder when 192 is divided by a?
21
Let a(p) = -24*p + 32*p + 14*p**2 + 2 + 47*p**2 - 9*p. Let w = -1 + 2. What is the remainder when a(w) is divided by 13?
10
Let o(z) = -3*z**2 + 117*z + 55. What is the remainder when o(39) is divided by 31?
24
Suppose 0 = 4*r - 2*r + 94. Let u = r + 344. Suppose -a = -5*n + 289, 0*n + 5*n - u = 3*a. Calculate the remainder when n is divided by 16.
9
Let y = 32 - 28. Suppose 4*s - 68 = y*g, 2*g - 3*g - 39 = -2*s. Let z = s + -3. What is the remainder when 35 is divided by z?
16
Suppose 0 = c - 3*k - 54, -4*k - 698 = 5*c - 797. What is the remainder when 2069 is divided by c?
17
Let g be (-540)/30 + 1*3 + 0. Let k be (-806)/10 - 9/g. Let i = -73 - k. What is the remainder when 22 is divided by i?
1
Let j(b) = -3*b**2 - 4*b + 14. Let t be j(4). Let z be 2/7 + (1926/21 - 8). Let d = t + z. What is the remainder when 99 is divided by d?
31
Let m = -3654 + 3667. What is the remainder when 77 is divided by m?
12
Let o(l) = -2*l**3 - 31*l**2 - 6*l + 7. Let y be o(-13). Let k = y + 835. What is the remainder when k is divided by 10?
5
Suppose -19*c + 14*c = -5945. Let p = c + -866. Calculate the remainder when p is divided by 5.
3
Suppose l + 4 = 0, -321 = -4*x - 2*l + 575. What is the remainder when x is divided by 85?
56
Suppose -5*f + 7657 = 968*n - 967*n, 0 = -3*f + 3*n + 4587. What is the remainder when f is divided by 219?
217
Suppose 5*b - 491 + 51 = 0. Calculate the remainder when b is divided by 26/(-117) + 7800/108.
16
Let m be (-20 - 0)*638/55. Let f = m + 244. What is the remainder when f is divided by 4?
0
Let o(k) = 524*k - 7323. Calculate the remainder when 192 is divided by o(14).
10
Let o = 1503 - 1472. Let d be 3/(-2)*(-2)/3. Calculate the remainder when o is divided by d/(-2) + 43/2.
10
What is the remainder when 173 is divided by ((-1040)/24)/5*(-9 - (-9)/3)?
17
Let z be (-6)/(-16) - 1419/8. Let v = z - -191. Calculate the remainder when 55 is divided by v.
13
Suppose -4*x - 90 = -2*x. Let a = -32 - x. Let f(p) = p**2 + 44*p + 3. What is the remainder when f(-45) is divided by a?
9
Suppose -21*m = -15*m - 540. Suppose 2*t = m + 126. Let u = 15 + 7. Calculate the remainder when t is divided by u.
20
Let k(d) = d**2 + 6*d + 5. Let t be k(-5). Let p = 424 + -344. Suppose t = 6*q - 14*q + p. Calculate the remainder when 47 is divided by q.
7
Let m(s) be the first derivative of -s**4/4 - 13*s**3/3 + 27*s**2/2 - 35*s + 70. Let n = -44 + 123. Calculate the remainder when n is divided by m(-15).
9
Let r = -156 + 254. Let k(y) = 3*y**2 - 63*y + 20. Let z be (2/(-4))/(54/(-2268)). Calculate the remainder when r is divided by k(z).
18
What is the remainder when 3/1 + (-24)/(-1) is divided by ((-27)/27)/(0 + (-1)/5) - -9?
13
Suppose -2*x + 246 = d + 230, 3*x - 25 = -2*d. Calculate the remainder when 291 is divided by x.
4
Suppose -1856 = 12*m + 6*m - 82*m. Suppose 0 = f + f - 30. What is the remainder when m is divided by f?
14
Suppose -7*t + 45*t - 3344 = 0. What is the remainder when 1402 is divided by t?
82
Let u = 127 - 105. Let p(b) = -7*b + 196. What is the remainder when 125 is divided by p(u)?
41
Suppose -2*u - h + 455 = 0, -39*h = 2*u - 40*h - 449. Calculate the remainder when 707 is divided by u.
29
Suppose 50 = -3*a + 335. Suppose 297 = 3*c - 3*g, -c + 5*g = -0*c - a. Suppose -17*j - 136 = -21*j. What is the remainder when c is divided by j?
32
Let i(m) = -200*m + 994. What is the remainder when 574 is divided by i(4)?
186
Let h = -11 - -26. What is the remainder when h is divided by 4*-1 + ((-3)/(-45))/((-8)/(-600))?
0
Let h(y) = 2*y**3 + 4*y**2 - 5*y + 6. Let u be h(-3). Suppose -77 = -3*f - 5*l, -f + 24 - 1 = u*l. What is the remainder when 315 is divided by f?
25
Let g = -9 - -17. Let p(i) = 147*i - 240. Calculate the remainder when p(2) is divided by g.
6
Let m = 25 + -11. Suppose -2*o - 674 = -2*q, -o = 6*q - 5*q - 331. Calculate the remainder when q is divided by m.
12
Let h(s) = -s**2 - 5*s + 8. Let t be h(-5). Suppose 3 = t*c - 13. Suppose c*j - 55 = a + 2*a, -3*a = 2*j - 73. Calculate the remainder when j is divided by 7.
4
Suppose 0 = -2*f - 0*f + 50. What is the remainder when f is divided by (264/(-36) + 8 + -1)*-24?
1
Let m(l) = -l + 8. Let p be m(5). Calculate the remainder when (-8)/(-56) - 334/(-14) is divided by 3/(p - (-18)/(-7)).
3
Let v(q) = 35*q**2 + 14*q - 1. Let r(y) = 5*y - 21. What is the remainder when v(-3) is divided by r(12)?
38
Let m(x) = 144*x**2 + 7*x + 95. What is the remainder when m(-4) is divided by 21?
19
Let t = -209 + 223. Let o = -99 + 176. Let b = o - 36. Calculate the remainder when b is divided by t.
13
Let w(d) = -49*d + 1319. Calculate the remainder when w(13) is divided by 134.
12
Suppose -3*g = 4*h - 46884, 2*h - 25791 - 5469 = -2*g. What is the remainder when g is divided by 39?
36
Suppose 32*m - 6*m - 6*m - 1120 = 0. What is the remainder when 583 is divided by m?
23
Suppose 4*v = -5*c + 8285, -706 = -v - 5*c + 1339. Calculate the remainder when v is divided by 23.
10
Suppose -w = -4*w - 3*f + 15, -3*w - 2*f + 14 = 0. Suppose -220 = -2*y - y + w*s, 3*y + 3*s - 192 = 0. What is the remainder when y is divided by 24?
20
Suppose -3*u = 673*a - 672*a - 3705, 4*a = u - 1222. What is the remainder when u is divided by 205?
4
Let r be 3 + 12*5/10. Suppose 12*s = r*s + 39. Let i = -20 - -54. Calculate the remainder when i is divided by s.
8
Suppose -4*u - 3*x = -65, 2*u - 45 = -4*x - 5. Suppose -10*g - 188 = -u*g. Let f = 28 + -4. What is the remainder when g is divided by f?
23
Calculate the remainder when ((-12205)/25 - -1)/((-42)/315) is divided by 53.
50
Let b = -4 + 11. What is the remainder when -15 + 10 - (-206 + 178) is divided by b?
2
Let d(g) = 5*g**3 + 2*g**2 + 2*g + 1. Let b be d(-1). Let f be 4/1 + b + 140. Suppose 3*j - 160 = f. What is the remainder when j is divided by 17?
15
Let l(k) = -k**3 + 33*k**2 - 256*k - 7. Let t = 134 - 82. Calculate the remainder when l(17) is divided by t.
5
Let k(i) = -i**3 - 17*i**2 - 73*i + 114. Let h(f) = -2*f**3 - 2*f**2 + 2*f - 1. Calculate the remainder when k(-14) is divided by h(-3).
26
Let g(m) be the second derivative of -13*m**5/5 + m**2/2 + 4*m. Suppose 1 = 3*q - 26. Calculate the remainder when g(-1) is divided by q.
8
Let g be (2 + 16)/(-2) - (4 + -8). Let x(i) = 10*i + 53. What is the remainder when 18 is divided by x(g)?
0
Let f = -127 - -283. Let k(w) = -16*w - 1. Let y be k(2). Let j = 73 + y. Calculate the remainder when f is divided by j.
36
Let w(n) = n**3 + 8*n**2 + 17*n + 2. Let r be w(-5). Calculate the remainder when (-2*(0 + 1))/(r/224) is divided by 15.
11
Suppose -6190*b = -6195*b + 39775. Calculate the remainder when b is divided by 117.
116
Let o be (-328)/123*498/(-4). Let x = o + -278. Suppose 5*j = 91 - 21. What is the remainder when x is divided by j?
12
Suppose 3*h - 407 = -2*r, 4*h - r + 5*r - 544 = 0. Let a = -108041 + 108075. Calculate the remainder when h is divided by a.
33
Suppose 5*r - 2*l - 506 = 0, 3*r - 60 - 254 = -4*l. Let z = 127 - r. What is the remainder when 91 is divided by z?
16
Let v(y) = 2*y**3 - y**2 - 7*y - 66. Let x be v(6). Let l = x - 163. What is the remainder when l is divided by 22?
15
What is the remainder when 2078 is divided by (16 + -20 + 10)*10/3?
18
Calculate the remainder when 687 is divided by (13 - -47)/(((-216)/(-32))/9).
47
Let u be 17103/15 - (-78)/(-65). Suppose 4*t - b - u = 0, -3*b + 424 = t + 136. Calculate the remainder when t is divided by 58.
53
Suppose -4*t + 232 = -4*v, 19 + 24 = t + 2*v. Let j(k) = -k**2 + 33*k + 86. Calculate the remainder when j(23) is divided by t.
51
Suppose 2*b - 3*i - 11 - 4 = 0, 2*i = -6. Suppose -b*r = r - 40. What is the remainder when 662/15 + (15 - 1) + (-1060)/75 is divided by r?
4
Let o(i) = -5*i - 31. Let z be o(-7). Suppose z*v = -u + 2 - 23, -3*u = -v + 24. What is the remainder when 45 is divided by 2/(-3) + (-159)/u?
11
Suppose 18*h + 286 = 970. Suppose 24*b = h*b - 308. What is the remainder when 29 is divided by b?
7
Suppose 2*t + 8 - 26 = 0. Suppose 0 = 10*w + t + 21. Calculate the remainder when (-3 + 51 - w) + -2 is divided by 10.
9
Suppose 20 = 3*x + 11. Suppose -4*y = x*y. Suppose y = 4*p - 4 - 32. Calculate the remainder when 26 is divided by p.
8
Let v 